 5. Let d be o(4). Let a(x) = -9*x + 8. Let t be a(0). What is the greatest common divisor of t and d?
1
Let j = 1297 - 1237. Calculate the greatest common factor of 5280 and j.
60
Let x be (-1 + (-1)/(-7))/(-19 - (-10051)/532). Calculate the greatest common factor of 653 and x.
1
Let p = -34557 + 34590. Suppose 2*w - 5*w + 3*u = -6, 5*w + 2 = u. Let j be (-4)/(-6)*(w - -34). What is the greatest common divisor of j and p?
11
Suppose 164*a - 16*a = 40256. Let y(t) = t**3 + 10*t**2 - t + 6. Let o be y(-10). What is the highest common divisor of a and o?
16
Suppose o + 9*o - 100 = 0. Suppose -17*c = -24*c + 490. What is the greatest common factor of o and c?
10
Suppose 0 = 18*r - 15*r + 9. Let k be -20*r/33 + (-4)/(-22). What is the greatest common divisor of k and 32?
2
Let f(w) = -6*w**2 - 151*w + 155. Let i be f(-26). What is the greatest common factor of i and 25?
25
Suppose 7*s + 32*s = -75*s + 495900. Calculate the greatest common factor of s and 300.
150
Suppose 50*k = -3*h + 49*k + 1298, 3*h + 4*k - 1304 = 0. Suppose 111 = 5*i + 31. What is the greatest common divisor of h and i?
16
Let w be -368*3/(-1 + -23). What is the greatest common divisor of w and 667?
23
Let o(s) = -s**2 - 2*s + 16. Let h be o(-5). Let k be (-2 + h/(-1))*(-3496)/114. What is the highest common divisor of 230 and k?
46
Suppose -l + 0*d - 2 = d, -5*d - 5 = 0. Let o(t) = 377*t - 5. Let g be o(l). Let k = -186 - g. Calculate the highest common divisor of 28 and k.
28
Let v(j) = j**2 + 17*j + 42. Let h be v(-17). Suppose -5*u + h = -363. Suppose 5*g = u + 54. What is the greatest common divisor of 243 and g?
27
Let u(i) = 3*i**2 - 114*i + 1643. Let c be u(89). What is the greatest common divisor of 280 and c?
140
Suppose 0 = 2*n + 3*v - 58282, -3*n - 3*v = -118107 + 30675. What is the highest common divisor of n and 275?
275
Let t = -604 - -588. Let w be (t/(-10))/(-14 + (-982)/(-70)). What is the greatest common divisor of w and 16?
8
Let n(o) = 2*o**2 - 62*o + 177. Let m be n(43). Calculate the greatest common factor of m and 6.
3
Let k be (-1)/2*(-346902)/51. Calculate the greatest common divisor of 19 and k.
19
Let v(z) = 20*z - 1 - 17*z - 10. Let c be v(11). Let a(n) = 16*n**2 + 5*n - 5. Let t be a(3). Calculate the highest common divisor of t and c.
22
Suppose 0 = -5*k - 668 - 377. Let l = -176 - k. Calculate the highest common factor of 6 and l.
3
Let r be 3 + -468*(-6 + (-114)/(-24)). What is the highest common divisor of 2856 and r?
84
Suppose 53*d = 51*d + 22. Let c be 4/(-12)*3 + d. What is the greatest common factor of c and 70?
10
Let f(d) = -143*d - 198. Let i be f(-2). Let s = 7 + 9. What is the greatest common divisor of i and s?
8
Suppose 4*h + 2*z + 3*z = 22, -2*h + z + 18 = 0. Suppose 0 = b + h*b - 216. Suppose -b*c = -23*c - 36. What is the greatest common divisor of c and 9?
9
Let f = 365 + -368. Let k be f + 3 + 6 + -2 + -1. What is the highest common divisor of k and 192?
3
Suppose 9 = 3*k, -4*p - 3*k + 183 = 78. What is the highest common divisor of 3 and p?
3
Let r = 34258 - 19169. What is the greatest common divisor of r and 191?
191
Let c be 64/(-144) + 12297/27. What is the highest common divisor of 280 and c?
35
Let w(r) = r + 14. Let o be w(-9). Let x = 262 + -262. Suppose 3*g = 4*h - x - 57, 2*h - 25 = 5*g. What is the greatest common factor of o and h?
5
Let y(j) = 2*j**2 - 458*j - 1834. Let o be y(-4). What is the highest common divisor of o and 29850?
30
Let u(t) = 15*t. Let i be u(0). Suppose 0 = 3*o - 12 - 51. Let l be (4 + -6 - i) + 1 + o. Calculate the highest common divisor of 60 and l.
20
Let p(k) = 28*k**3 - 9*k**2 + 3*k + 6. Let q be p(2). What is the highest common factor of q and 1150?
50
Let k(d) = -6*d**2 + 65*d - 55. Let c(j) = 4*j**2 - 44*j + 37. Let b(x) = -8*c(x) - 5*k(x). Let g be b(12). Calculate the greatest common divisor of 165 and g.
15
Let g = -40 + 42. Let f(l) = -46*l + l**g - 39*l - 13 + 81*l. Let c be f(-5). Calculate the highest common divisor of c and 16.
16
Suppose -5*k - 5*m = -45, -1 + 5 = k - 4*m. Let v be (64/72)/4 - 1130/(-18). Suppose -144 = -69*g + v*g. What is the highest common divisor of k and g?
8
Let b(i) = -187*i - 309. Let z be b(-3). Calculate the greatest common divisor of 441 and z.
63
Suppose 0 = 2*t + t - 432. Suppose 5*k - 1966 = -4*l, -87*k + 524 = l - 89*k. Calculate the greatest common factor of l and t.
72
Suppose 3*k - 18928 = -4*k. Let q be (-4)/(-18) - (k/(-36))/4. Let r(d) = -20*d + 13. Let p be r(-6). Calculate the highest common divisor of q and p.
19
Suppose 13*w + 0*w + 6565 = 0. Let s = -481 - w. Calculate the highest common divisor of 88 and s.
8
Let i = 14834 + -7463. Calculate the highest common factor of i and 117.
117
Let x be 570725/425 + 22/187. What is the greatest common divisor of x and 17?
17
Let m be -23 + 399/21 - (76/(-2) - 0). What is the greatest common divisor of 2431 and m?
17
Let l = -140 - -140. Let x be (-3)/(-21)*l - 4/(-1). Calculate the greatest common divisor of x and 16.
4
Let r(z) = 8. Let f(g) = g + 8. Let y(l) = 2*f(l) - 3*r(l). Let m be y(3). Let x = 32 + m. Calculate the highest common divisor of 270 and x.
30
Let h(s) = 4*s + 221. Let f be (0/(-8))/((-7)/(21/6)). Let b be h(f). What is the highest common factor of b and 65?
13
Let i be ((-7596)/42)/((-6)/63). What is the greatest common divisor of i and 36?
9
Let o(r) = -2*r**2 + 24*r - 2. Let d be o(10). Suppose -4520 = d*x - 40*x. Let n be 80/140 - x/(-14). What is the greatest common divisor of 18 and n?
18
Let x be ((-30)/(-8) + 0)/(104/(-128) - -1). What is the greatest common factor of x and 1940?
20
Let j(x) = -3*x**2 - 34*x - 11. Let r be j(-11). Suppose -4*k - 39 + 59 = r. Suppose 3*q + 0*q - 15 = 0. Calculate the greatest common factor of k and q.
5
Let r be (-10)/7 - 6308/(-133). Calculate the highest common factor of 874 and r.
46
Suppose 0 = -226*c + 143*c + 908269. Calculate the highest common divisor of 31 and c.
31
Let t be (-1124)/(-12) - (-91)/39. What is the greatest common divisor of 33 and t?
3
Let f(m) = -6*m - 5. Let h be f(-5). Let v = 602 + -535. Suppose -72*y + v*y + h = 0. Calculate the greatest common divisor of y and 2.
1
Suppose 0 = k - 6*k + u + 52, -4*k - 2*u = -36. What is the greatest common divisor of k and 1090?
10
Suppose -2200 = -52*n + 1908. Calculate the greatest common divisor of 6004 and n.
79
Suppose -36*f = -39*f + 9. Suppose 3*c - m = -c + 129, -4*c = f*m - 125. What is the greatest common factor of c and 24?
8
Let x = 585 - 575. Let y be 7362/x + 8/(-120)*3. Calculate the highest common factor of 32 and y.
32
Let r be 6/(-3)*-15*1/(-2)*-218. Calculate the greatest common factor of r and 30.
30
Let v be (-50220)/(-1215) + 1*(1 + 8/(-6)). What is the highest common divisor of 164 and v?
41
Let y be 6 - 3/(-6)*-4. Suppose y*v - 9 = 15. Let q be (-1 - (-39)/2) + 4/(-8). What is the highest common factor of v and q?
6
Let c = -63 + 68. Let u(t) = -t**2 + 8*t. Let b be u(c). Suppose w = -b*w + 2880. What is the greatest common factor of 36 and w?
36
Suppose 0 = -233*q + 163*q + 11480. What is the highest common divisor of 574 and q?
82
Let v be (-160)/(-3)*(-27)/(-6). Let u(g) = -1 + 4 + 3 + g**2 + 2*g. Let z be u(-6). What is the highest common divisor of v and z?
30
Suppose 40*s - 202 = 123*s - 26*s - 715. Let h = -43 - -60. Let i = 26 - h. Calculate the greatest common divisor of s and i.
9
Let g be (-39 + 19)/((-100)/1560). What is the highest common factor of g and 78?
78
Let a(f) = -3*f**2 + 23*f + 88. Let g be a(10). Calculate the greatest common factor of g and 1098.
18
Let j = 125 - 211. Let i = j + 88. Suppose 0 = -3*b + 3*a + 15, 5*b + i*a - 55 = -9. What is the greatest common factor of 24 and b?
8
Let w(f) = -f**3 + 16*f**2 - 41*f + 1021. Let h be w(17). Calculate the greatest common divisor of h and 12145.
35
Let z(x) = 1166*x + 791. Let s be z(6). Calculate the greatest common factor of 26 and s.
13
Let n(w) = w**3 - 2*w**2 - 34*w + 323. Let c be n(8). Calculate the highest common divisor of c and 11136.
87
Suppose 4*i - 1809 = -1401. Let g be (-9198)/(-135) - (-4)/(-30). What is the greatest common divisor of i and g?
34
Let d(n) = -n**3 + 31*n**2 - 23*n - 31. Let t be d(30). Suppose -173*z = -t*z + 126. What is the highest common 